he prime factors of 2/(-13) - (-171)/13.
13
Suppose -2*c - 9 = -3*v + 38, 0 = -4*v - 3*c + 57. Let u be ((-4)/(-5))/(2/v). Let f = 2 + u. List the prime factors of f.
2
Suppose -59 = -4*r - 11. Let n = r - 3. List the prime factors of n.
3
Let g = 416 - 250. Suppose -4*a + g = 2*w, 0*w = -3*w - 3. What are the prime factors of a?
2, 3, 7
Let y be (8/6)/(2/9). Let a be ((-4)/(-2) + -3)/1. Let p = a + y. List the prime factors of p.
5
Suppose 0 = -4*o - 2*m + 3*m + 36, 4*m - 18 = -2*o. Suppose 0*q + o = 3*q. What are the prime factors of q?
3
Suppose -3*a + 221 = -4*j - 225, 2*j = a - 150. List the prime factors of a.
2, 73
Let i(z) = 19*z**2 - z + 1. List the prime factors of i(1).
19
Let k(x) = -5*x - 1. Let l be k(-4). Suppose 2*i - l = -5*s - 0*i, -5*s + 17 = i. Suppose s*a = f + 19, -a = 2*a - 4*f - 31. List the prime factors of a.
5
Let g(o) = -7*o + 9. Let q(b) = 13*b - 18. Let w(h) = 11*g(h) + 6*q(h). List the prime factors of w(11).
2
Suppose 5*r + 55 = 4*o, 4*o + 0*o = 4*r + 56. List the prime factors of o.
3, 5
Let u = -467 - -706. List the prime factors of u.
239
Let g(p) = -12*p + 4. Let q be g(-3). Suppose -j = j - 4. Suppose 4*h = -4*u + q, 0*u + j*h - 41 = -5*u. What are the prime factors of u?
7
Let h(o) be the first derivative of -9*o**2/2 + o + 1. Let p be h(-3). List the prime factors of (-18)/7*p/(-6).
2, 3
Let g = 37 - -46. What are the prime factors of g?
83
Suppose -x = 5*g + 191, -2*g - 58 = 5*x - 0*x. Let t be (-37)/4 + 2/8. List the prime factors of g/t - 4/(-6).
5
Suppose 80 = 2*q - 32. List the prime factors of q.
2, 7
Let i = 9 - 15. Let b(h) = h**2 + h. Let l be b(i). Suppose 2*y = -3*y + l. What are the prime factors of y?
2, 3
Suppose a = -2*q + 3, -q + 2*q = -2*a. Suppose q*s = 7*s. Suppose s = 3*z + 2*z - 60. List the prime factors of z.
2, 3
Suppose -3*r - 5*z + 17 = -15, -5*r + 4 = -4*z. Suppose r*s = -4, -3*s + 4 + 5 = 4*d. Suppose 2*l = -4*i + 22, -d*l - i + 24 = 2*i. List the prime factors of l.
5
Suppose 0*g - 488 = -5*x + g, x - 109 = 4*g. List the prime factors of x.
97
Suppose -a - 81 = 3*c - 4*c, -5*a = 3*c - 283. List the prime factors of c.
2, 43
Let n(t) = -84*t**3 + 2*t + 1. List the prime factors of n(-1).
83
Let x(y) = -y**2 - 3. Let d be x(-5). Let r = d + 47. Let l = -8 + r. What are the prime factors of l?
11
Let d(z) = z**3 + 7*z**2 - 11*z + 10. What are the prime factors of d(-7)?
3, 29
Suppose m = -5*h, -4*h + 7*h + 7 = -2*m. Let u(x) = -4 - 3*x + 2*x - h. List the prime factors of u(-7).
2
Suppose 10*n - 6 = 7*n. Suppose n*q + 3 = 13. Let x = q - -1. List the prime factors of x.
2, 3
Let b be 60*(-4)/30*-3. Suppose 0 = y - 3*k - 32, 0*y - 5*k = y - b. List the prime factors of y.
29
Let g(y) be the third derivative of y**4/8 + y**3/6 + 4*y**2. Let v(k) = 2*k**2 - k - 1. Let w be v(2). List the prime factors of g(w).
2
Suppose 0 = -2*n - n + 15. Suppose -g - 2*v + 4 = 0, -5*g + 2*v - n*v = -41. List the prime factors of g.
2, 5
Let f = 98 - 66. Suppose -2*o + f = -0*o. What are the prime factors of o?
2
Suppose 4*c - 64 = 3*j - 4*j, 59 = j - c. What are the prime factors of j?
2, 3, 5
List the prime factors of ((-2)/(-5))/((-9)/(-540)).
2, 3
Suppose -2*p = 2*p - 24. Suppose -i - p = 3*t, 3*i - 3*t + 9 = -i. List the prime factors of (-2 - (-4)/6)*i.
2
Let h(g) = 10*g**2 - 2*g + 1. Suppose -3*x - 1 = -4. Let o be h(x). Let s = o - 0. What are the prime factors of s?
3
Suppose 2*q + 20 + 4 = 2*u, 25 = 2*u - q. What are the prime factors of ((2 - 4) + u)*1?
11
Let g = 0 + 2. Let a be 2 + (2 - -3) + g. Let l = 13 - a. List the prime factors of l.
2
Let u be (1/((-1)/(-10)))/(-1). Let q be (-4)/u - (-186)/(-15). Let w = q + 18. What are the prime factors of w?
2, 3
Suppose -9*l = -5*l - 140. Suppose 2*m - l = -3*m. List the prime factors of m.
7
Let u be 6/4 + (-1)/(-2). Suppose 23 = n - 2*r, -u*n - 19 = 3*r - 100. What are the prime factors of n?
3, 11
Suppose 2*y + 19 = 5*d, 4*y + 0*y - 3*d = -17. What are the prime factors of (y/(-6))/(5/45)?
3
Let v = 52 - 36. List the prime factors of v.
2
Let g = 5 + -5. Let c = g + 2. List the prime factors of c.
2
Let t(v) = v**3 - 2*v**2 + 2*v. Suppose -4 = -2*r + 5*z - 10, 3*z = -r + 8. Let l be t(r). Suppose 35 + 61 = l*m. What are the prime factors of m?
2, 3
Let d(u) = -8*u - 27. What are the prime factors of d(-11)?
61
What are the prime factors of (216/(-42))/((-2)/14)?
2, 3
Let m = -15 + 19. Suppose 2*w - 84 = -2*d, 3*w - 2*w - 27 = m*d. List the prime factors of w.
3, 13
List the prime factors of 2 - (1 - 4) - -268.
3, 7, 13
Suppose -5*y - 2*b + 61 = 0, 0*y + 4*b = -3*y + 31. Let p = y - 8. Suppose p*m - 14 = -j, 0*j + 2*j + 2 = 5*m. What are the prime factors of j?
2
Suppose 3*f - 30 = 12. What are the prime factors of f?
2, 7
What are the prime factors of (-564)/(-8) - (-2)/(-4)?
2, 5, 7
Let g = 1 - 57. Let z = g - -90. List the prime factors of z.
2, 17
Suppose 0 = 2*x - 4*l + 8, -2*x - 18 = l. List the prime factors of x/((-8)/4) - -13.
17
Let q = 23 - -143. What are the prime factors of q?
2, 83
Let d be (-4)/8 + 190/4. Suppose 4*r - 17 - d = 0. Suppose -5*x + x - 28 = -l, 5*x = -3*l + r. List the prime factors of l.
2, 3
Suppose 4*u + 83 = 5*k, -3*u - 3*k + 39 = -5*u. Let j = u + 40. List the prime factors of j.
13
Let p be (-4)/18 - 32/18. Let j = p - -9. What are the prime factors of j?
7
Let b = 400 + -221. Suppose -4*k - 51 = -b. What are the prime factors of (12/(-4))/((-6)/k)?
2
Suppose 64 = 2*z - s, 5*z = -0*z + 2*s + 160. What are the prime factors of z?
2
Let f = 4 + -10. Let x = 10 + f. Suppose -x*h - 2*s = -11 - 13, -h - 2*s + 12 = 0. What are the prime factors of h?
2
Suppose 6 = -3*n - 4*y + 3*y, 3*n = 3*y - 6. What are the prime factors of (-1 - -4) + (-92)/n?
7
Suppose -w - 2*b = 3 - 2, -b + 13 = 5*w. Suppose -3*h + 42 = w*a, a + 0*a = 4*h + 39. List the prime factors of a.
19
Let v = 0 - -2. Suppose 60 = 2*p + v*p. What are the prime factors of p?
3, 5
Let z(u) = -2*u**3 - 3*u**2 - u - 5. What are the prime factors of z(-3)?
5
Let t be (2 - 1)/(1/(-6)). Let q = t - -11. List the prime factors of q.
5
What are the prime factors of ((-348)/9 - 2)/((-8)/12)?
61
Let l = 6 - 4. Let r = l - -3. List the prime factors of r.
5
Let r be 2/4*28/1. Let a = r + -9. List the prime factors of a.
5
Let s(z) be the third derivative of -z**5/60 + 3*z**4/8 + 2*z**3/3 - z**2. Suppose 2*x = 5*x - 24. What are the prime factors of s(x)?
2, 3
Suppose -59 = -4*d + 201. Suppose -5*k = 10 - d. What are the prime factors of k?
11
Suppose -2*l + 0*l = -68. Let r = -17 + l. Let h = r - 9. List the prime factors of h.
2
Let d(j) = j**3 - 6*j**2 - 8*j + 10. Let q be d(7). Let b(t) = -q + 7*t - 2 - 4*t. What are the prime factors of b(5)?
2, 5
Let t(f) = -f**3 + 4*f**2 - f. Let i be t(4). Let a = 26 - 10. Let b = i + a. What are the prime factors of b?
2, 3
Suppose -19 = 4*q - 71. Suppose l + 5 - q = 0. Suppose -4*p = 2*g - 0*p + l, 0 = 5*g - 4*p - 22. What are the prime factors of g?
2
Suppose -3*o + 3*j + 111 = 6*j, -j = 5*o - 165. What are the prime factors of o?
2
Let z = -7 + 48. Let f(o) = -58*o**3 + 2*o**2 + 2*o + 1. Let k be f(-1). Let p = k - z. What are the prime factors of p?
2, 3
Suppose -25 + 73 = f. What are the prime factors of f?
2, 3
Suppose -29 = 4*b - 5*o - 0, o - 4 = -b. Let f(c) = -2*c**3 - c - 1. Let p be f(b). List the prime factors of 12 + (1 - p) + -1.
2, 5
Let q be ((-2)/3)/(10/(-15)). What are the prime factors of q - -18 - (-2)/(-1)?
17
Let n = -4 + 6. Let v(i) = -5*i + 3*i + 3*i + 0*i - i**n + 6. What are the prime factors of v(0)?
2, 3
Let w(g) = -4*g. Let y be w(1). List the prime factors of 3/y - (-1150)/40.
2, 7
Let w be 2 - 6/3 - -8. Suppose 0 = -9*n + w*n + 15. What are the prime factors of (n/5)/(2/6)?
3
Let v(u) = 14*u + 10. Let f(r) = -5*r - 3. Let n(t) = -8*f(t) - 3*v(t). What are the prime factors of n(-8)?
2, 5
Suppose -4*s + 0*c - 2*c + 10 = 0, c = 2*s - 3. Suppose s*i - 3*i = -8. List the prime factors of i.
2
Let p = -4 - -1. Suppose -2*v - 10 = 0, 21 = -o + 5*o - v. Let y = o - p. List the prime factors of y.
7
Suppose 4*n = -0*n - 36. Let x = 20 + n. What are the prime factors of x?
11
Let m(p) = 5*p**2 + p + 6. What are the prime factors of m(4)?
2, 3, 5
Suppose 2*o = 3*l + 28, 2*l - 8 = -3*o + 34. Lis